
False
Let y = -1410120 - -2016965. Is y prime?
False
Let y(z) = 80*z + 1382. Is y(43) a composite number?
True
Let q(y) = 115*y + 97. Let p be (-16)/(-5)*(-10 - -20). Is q(p) a prime number?
False
Let f(x) = 31*x**3 - 5*x**2 + x + 6. Let t be f(-7). Let h = t + 16088. Is h a composite number?
False
Let a = -126 + 126. Let c(k) = k**3 + k**2 + k + 15863. Let x be c(a). Suppose 11*f - 9536 = x. Is f a prime number?
True
Let n = 74871 - 16420. Is n a composite number?
False
Let y(q) = 1058*q**2 + 43*q + 308. Is y(-9) a composite number?
False
Suppose n - 2*g + 310 = -0*n, 4*n + 1218 = -3*g. Is n/561 - (-7409)/11 a prime number?
True
Let f be -12 - (35/7 + (3 - 5)). Let w(d) = -978*d - 167. Is w(f) a composite number?
False
Let i be (77 + -11)*4638/4. Is i/66*52/6 composite?
True
Suppose 20*x - 339972 = 3494648. Is x a prime number?
False
Let s(g) = -2*g**3 + g**2 - g - 45. Let b be s(7). Let x = -58 - b. Is x a prime number?
True
Suppose 108*l + 163*l - 4368351 = -32*l. Is l a prime number?
False
Is (1 - -6)*6*(-3)/18 - -1064514 composite?
False
Suppose g + 600 = 4885. Suppose -5*c - 4285 - g = 0. Let x = c - -2783. Is x a composite number?
False
Suppose 1058*x - 1062*x = -m - 98376, 4*x - 98356 = -4*m. Is x composite?
False
Suppose -4*o + 10650 = -70154. Is o prime?
True
Suppose -2*d + 7*d - 2 = v, 3*v - 3*d = 6. Suppose 2*y = 7*y - 2*g - 8181, 2*g - 4915 = -v*y. Is y a composite number?
False
Let v(u) = -2*u + 13. Let o be v(5). Suppose 13*b - 14*b = -o. Suppose b*l = 3*i + 624, -4*l = -3*i + 2*i - 817. Is l composite?
True
Let l(h) = -h + 4. Let v be l(-1). Suppose -1753 + 308 = -5*m - v*j, 283 = m + 4*j. Let r = -132 + m. Is r prime?
False
Let x(n) = 6*n**3 - 2*n**2 - 8*n + 302213. Is x(0) prime?
True
Let n(p) = 20*p**2 + 10*p - 3. Suppose -5*h = 4*k - 52, -4*h + 5 = 3*k - 36. Is n(h) a prime number?
False
Let i(b) = -8*b**2 - 2*b + 9. Let g(f) = f**3 - 7*f**2 - f + 10. Let n(k) = -3*g(k) + 2*i(k). Let x be n(-7). Let a = x + -200. Is a prime?
True
Suppose 5*c + 9*k - 245 = 4*k, -2*k = 3*c - 142. Suppose -25529 = -51*a + c*a. Is a a prime number?
False
Let y be ((-36)/(-6) + -9)*1829. Let h = y + 11280. Is h a composite number?
True
Suppose 31*w - 4*y = 28*w + 563167, -5*w + 4*y = -938609. Is w a prime number?
True
Let v(y) = 63240*y**2 + y + 2. Is v(-1) composite?
False
Is ((-3129373)/(-1352))/((-2)/(-16)) prime?
True
Let x(j) = -j**3 - 34*j**2 + 5*j + 173. Let f be x(-34). Suppose 3*z = 4*t - 11317, -f*z - 2066 = 5*t - 16246. Is t a composite number?
False
Suppose -8378 = -9*x + 34894. Let m = x + -2620. Is (105/(-20))/((-3)/m) composite?
True
Suppose v = -p + 8431, 3*v + 28*p - 25293 = 27*p. Let j = -4052 + v. Is j prime?
False
Let g = -939 - -941. Suppose 5*p = 4*l + 5423, -4*l + 3048 = g*p + 862. Is p a prime number?
True
Is 5*(0 - 1)*(-30841 + -27 + -1) prime?
False
Let z = -10 + 44. Let p = z - 34. Suppose p = -4*k - 84 + 664. Is k prime?
False
Is 2 + -6 - ((-8)/(-2)*-3 + -746489) composite?
False
Suppose 4*r = -4*v + 283908, 283904 = 30*r - 26*r + 6*v. Is r composite?
False
Suppose -112*w = 51*w - 100306777. Is w prime?
True
Suppose 2*o + 3*p = 6, -o + 10*p = 5*p - 3. Suppose y = -4*h + 4117, 7*y - o*y - 16434 = h. Is y prime?
False
Suppose -36*j - 242250 = -813174. Is j a prime number?
True
Let a = 1608475 + -919988. Is a a prime number?
False
Let d be 4*3*(-25832)/96. Let l = -2115 - d. Is l composite?
True
Suppose 0 = 2*a - 3 + 37. Let t = -10 - a. Suppose t*g - g = 966. Is g a prime number?
False
Suppose 7*p - 10*p + 2001 = 0. Let a = p + -429. Let s = a - 111. Is s a composite number?
False
Let y be (-28)/8 + 2/4. Let s be ((-1)/y)/(8/48). Suppose 2*a + 4*i = 2306, 6323 = 4*a + s*i + 1681. Is a composite?
False
Suppose -5*c + 4*o + 24 = -c, -2*c + 14 = -3*o. Suppose 5*g - 3*s = 76864, -11*g = -7*g - c*s - 61496. Is g prime?
False
Let j be ((-4)/6)/((-12)/16326). Let z be 8/28 + (-74016)/(-252). Let m = j - z. Is m a prime number?
True
Let r(b) = 10128*b + 1531. Is r(4) a composite number?
False
Let g(q) = 82*q**2 + 2*q + 5. Suppose 3*f + 2 - 4 = -4*t, 4 = 4*t + 2*f. Is g(t) a composite number?
False
Let m(l) = -5872*l + 373. Is m(-22) a composite number?
True
Let t be 87/17 - (-12)/(-102). Suppose -9305 = -5*g - 3*o, 14 = t*o - 11. Is g prime?
False
Let z(t) = 19672*t**3 + 3*t**2 + 6*t - 8. Is z(1) a prime number?
False
Let d(b) = 2*b**3 + 14*b**2 - 11*b. Let k be d(-8). Is (2 + 56/k)/(1/11365) composite?
True
Suppose -17*j + 165738 = -279849. Is j composite?
True
Suppose 82*f + 141350 = 110*f + 3954. Is f a prime number?
False
Is (1 - (1 - -1))/((-113)/10073159) a prime number?
False
Let t(s) = -2*s + 14. Suppose 4*c = -6 + 30. Let f be t(c). Suppose 8*l + 3590 = g + 3*l, 14382 = 4*g + f*l. Is g composite?
True
Let f = -28 + 36. Is (-197958)/f*(-7 + 187/33) a prime number?
True
Suppose -9*v - 11767 + 34762 = 0. Suppose 0 = -2*p - 473 - v. Let d = p - -2145. Is d a composite number?
False
Suppose 3031*w - 3049*w = -2125746. Is w a composite number?
True
Let g(c) = -26*c**3 - 3*c**2 - 35*c - 173. Is g(-7) prime?
False
Suppose -26280195 = -381*l + 11720688 + 3284658. Is l prime?
False
Suppose -b + 2*x + 4 = -3, 3*b + 4*x - 61 = 0. Let r(m) = 1138*m + 69. Let i be r(-6). Is 16/40 - (i/b - 0) a composite number?
True
Let r be 398/(-11) + 1*2/11. Let p = -30 - r. Is (6 + 93/6)*(p - 0) composite?
True
Let f = 12 - 8. Let h(m) = -m**2 - 17*m + 40. Let s be h(-19). Suppose f*x - 614 = s*x. Is x composite?
False
Let p = 1939 + 485. Suppose -12*t + p = -16092. Is t composite?
False
Suppose -7*j + 16067 = -5*j + r, 0 = -5*j + r + 40150. Suppose j - 32354 = -13*m. Is m prime?
True
Let r(x) be the third derivative of 3*x**5/10 - 7*x**4/8 + 14*x**3/3 - 8*x**2 - 2. Is r(-11) a prime number?
True
Suppose 0 = -33*f - 116*f + 7544317. Is f a prime number?
False
Let q = -330 - -316. Let u(f) = 13*f**2 - 6*f + 39. Is u(q) prime?
True
Let b = -21712 + 34494. Suppose -b = 6*w + w. Is (w/4)/((-15)/30) prime?
False
Is (13/13 - -6) + 76858 composite?
True
Suppose -7*y - 24703 = -8*y - 5*b, 3*b = -5*y + 123449. Suppose -5*r = -4*g - 24697, 5*r - 2*g = -g + y. Is r a prime number?
True
Let p = 557614 - 147771. Is p prime?
False
Let b be 0*(0/(-3) - 1). Suppose 5*a = 15 - b. Suppose 12795 = 2*p + a*p. Is p composite?
True
Let j = 60 + -27. Suppose -j*x = -10163 - 101278. Is x composite?
True
Suppose 0 = -18*l - 15*l + 72402. Suppose -4*i + 0*i + 8746 = 2*c, -i = -c - l. Is i a prime number?
False
Let j(p) = -p**3 + 4*p**2 + 5*p + 3. Let v be j(5). Suppose 0 = v*m - 11 - 1. Suppose d + 0*d - 796 = u, 2*u = m*d - 3186. Is d a prime number?
True
Let x(d) be the second derivative of 53*d**4/4 - 2*d**3 + 2*d**2 - 37*d. Let p be x(10). Suppose 34*o = 26*o + p. Is o a composite number?
False
Suppose -3*t = -203*d + 199*d - 1862, 6 = -3*d. Let v(j) = 3*j + 1. Let l be v(1). Suppose x - l*x = -t. Is x a composite number?
True
Suppose 103*t - 108*t + y + 316389 = 0, y = 3*t - 189835. Is t composite?
False
Is (26 - 30) + (130462/1*1 - 1) a prime number?
True
Let q be (10/(-4))/((-7)/(-126)). Let y = q - -45. Suppose c - 291 - 388 = y. Is c a composite number?
True
Let p(w) = w**3 + 4*w**2 - 2*w + 2. Let u be p(1). Suppose -u*o + 36*o - 30473 = 0. Is o composite?
False
Suppose 0 = -226*s + 27124862 + 14493716. Is s a prime number?
True
Let s(l) = -7*l**2 - l + 5. Suppose 5*y - 3*j + 17 = -0*j, 24 = -5*y - 4*j. Let q(t) = 13*t**2 + t - 11. Let b(k) = y*q(k) - 9*s(k). Is b(13) a prime number?
False
Let a(p) = -61273*p - 19. Is a(-2) composite?
False
Let j(h) = -7 + 2*h**3 - h**3 + 8*h**2 + 3*h**2 + 11*h. Suppose -4*v + p - 38 = 0, -34*v + 22 = -36*v + p. Is j(v) composite?
False
Let f(v) = 466*v**2 + 5*v + 297. Is f(20) a composite number?
True
Suppose 3 = 5*v - 7. Let d(c) = 8*c**2 - 32*c - 11. Let w be d(13). Suppose 7*j + 3*u = 3*j + w, -v*u = 10. Is j prime?
False
Suppose -4*h + 12 - 12 = 0. Suppose -5*y = -h*y - 10975. Let q = y + -144. Is q a composite number?
True
Suppose 0 = -4*r + 212*m - 210*m + 35274, r - m - 8818 = 0. Is r composite?
False
Let z(f) = f**3 - 9*f**2 + 2*f - 21. Let s be z(9). Let q(o) = o**2 + 2*o + 2. Let a be q(s). Suppose h = 0, -a*g - 673 = h - 4998. Is g prime?
False
Let s be -1*(-162)/4*110. Suppose 2*n - s = 663. Is n composite?
Tr